{"id":307,"date":"2017-11-09T15:13:00","date_gmt":"2017-11-09T20:13:00","guid":{"rendered":"http:\/\/wp-master-powergo.eliappwordpress1sto.elisys-servers.ca\/?page_id=307"},"modified":"2023-08-16T17:15:57","modified_gmt":"2023-08-16T21:15:57","slug":"vtt","status":"publish","type":"page","link":"https:\/\/www.pro-arctic.ca\/fr\/vtt\/","title":{"rendered":"VTT neufs"},"content":{"rendered":"<p>Pro-Arctic est fier de vous offrir la cr\u00e8me de la cr\u00e8me des <strong>v\u00e9hicules de sport motoris\u00e9 neufs<\/strong>! \u00c0 tout moment de l&rsquo;ann\u00e9e, parcourez la plus grande s\u00e9lection de bolides et de produits m\u00e9caniques qui combleront toutes vos envies d&rsquo;aventure!<\/p>\n<div class=\"textMore\">\n<p>Prenez d&rsquo;assaut les sentiers du Qu\u00e9bec sur un <strong>VTT neuf Arctic Cat<\/strong>, <strong>Argo<\/strong> ou <strong>Polaris<\/strong>. \u00c9patez la galerie lors de vos prochaines escapades \u00e0 bord de votre <a href=\"https:\/\/www.pro-arctic.ca\/fr\/cotes-a-cotes\/\">v\u00e9hicule c\u00f4te \u00e0 c\u00f4te<\/a> ou sur votre <a href=\"https:\/\/www.pro-arctic.ca\/fr\/motoneiges\/\">motoneige<\/a>. Vous avez un lourd fardeau \u00e0 porter? Vos d\u00e9placements ne seront jamais plus efficaces qu&rsquo;avec une remorque <strong>K-Trail<\/strong>.<\/p>\n<p>S\u00e9lectionnez vos <strong>outils de travail<\/strong> pour vous accompagner dans vos t\u00e2ches de tous les jours parmi notre s\u00e9lection de produits m\u00e9caniques.<\/p>\n<p>Consultez nos <a href=\"https:\/\/www.pro-arctic.ca\/fr\/promotions\/\">promotions<\/a> du moment et trouvez-y une offre ou un rabais qui fera votre affaire!<\/p>\n<p>Pour toute question, <a href=\"https:\/\/www.pro-arctic.ca\/fr\/contact\/\">communiquez avec nous<\/a>! Notre \u00e9quipe saura vous conseiller et vous guider vers le meilleur choix pour vous. En tout temps, passez nous voir en concession chez Pro-Arctic \u00e0 <strong>Montmagny<\/strong>! Nous vous recevrons avec plaisir.<\/p>\n<\/div>\n","protected":false},"excerpt":{"rendered":"<p>Pro-Arctic est fier de vous offrir la cr\u00e8me de la cr\u00e8me des v\u00e9hicules de sport motoris\u00e9 neufs! \u00c0 tout moment de l&rsquo;ann\u00e9e, parcourez la plus grande s\u00e9lection de bolides et de produits m\u00e9caniques qui combleront toutes vos envies d&rsquo;aventure! Prenez d&rsquo;assaut les sentiers du Qu\u00e9bec sur un VTT neuf Arctic Cat, Argo ou Polaris. \u00c9patez &hellip; <a href=\"https:\/\/www.pro-arctic.ca\/fr\/vtt\/\">Suite<\/a><\/p>\n","protected":false},"author":1,"featured_media":0,"parent":0,"menu_order":0,"comment_status":"closed","ping_status":"closed","template":"template-listing-new-products.php","meta":[],"acf":{"content_featured_type":"","page_arg_new":true,"page_arg_new_category":[{"value":"atv","label":"VTT"}],"page_arg_new_make":[],"page_arg_instock":false,"page_arg_new_type":false,"contact_form_custom_html_id":""},"_links":{"self":[{"href":"https:\/\/www.pro-arctic.ca\/fr\/wp-json\/wp\/v2\/pages\/307"}],"collection":[{"href":"https:\/\/www.pro-arctic.ca\/fr\/wp-json\/wp\/v2\/pages"}],"about":[{"href":"https:\/\/www.pro-arctic.ca\/fr\/wp-json\/wp\/v2\/types\/page"}],"author":[{"embeddable":true,"href":"https:\/\/www.pro-arctic.ca\/fr\/wp-json\/wp\/v2\/users\/1"}],"replies":[{"embeddable":true,"href":"https:\/\/www.pro-arctic.ca\/fr\/wp-json\/wp\/v2\/comments?post=307"}],"version-history":[{"count":6,"href":"https:\/\/www.pro-arctic.ca\/fr\/wp-json\/wp\/v2\/pages\/307\/revisions"}],"predecessor-version":[{"id":29859,"href":"https:\/\/www.pro-arctic.ca\/fr\/wp-json\/wp\/v2\/pages\/307\/revisions\/29859"}],"wp:attachment":[{"href":"https:\/\/www.pro-arctic.ca\/fr\/wp-json\/wp\/v2\/media?parent=307"}],"curies":[{"name":"wp","href":"https:\/\/api.w.org\/{rel}","templated":true}]}}

<p>Pro-Arctic est fier de vous offrir la crème de la crème des <strong>véhicules de sport motorisé neufs</strong>! À tout moment de l&rsquo;année, parcourez la plus grande sélection de bolides et de produits mécaniques qui combleront toutes vos envies d&rsquo;aventure!</p>
<div class="textMore">
<p>Prenez d&rsquo;assaut les sentiers du Québec sur un <strong>VTT neuf Arctic Cat</strong>, <strong>Argo</strong> ou <strong>Polaris</strong>. Épatez la galerie lors de vos prochaines escapades à bord de votre <a href="https://www.pro-arctic.ca/fr/cotes-a-cotes/">véhicule côte à côte</a> ou sur votre <a href="https://www.pro-arctic.ca/fr/motoneiges/">motoneige</a>. Vous avez un lourd fardeau à porter? Vos déplacements ne seront jamais plus efficaces qu&rsquo;avec une remorque <strong>K-Trail</strong>.</p>
<p>Sélectionnez vos <strong>outils de travail</strong> pour vous accompagner dans vos tâches de tous les jours parmi notre sélection de produits mécaniques.</p>
<p>Consultez nos <a href="https://www.pro-arctic.ca/fr/promotions/">promotions</a> du moment et trouvez-y une offre ou un rabais qui fera votre affaire!</p>
<p>Pour toute question, <a href="https://www.pro-arctic.ca/fr/contact/">communiquez avec nous</a>! Notre équipe saura vous conseiller et vous guider vers le meilleur choix pour vous. En tout temps, passez nous voir en concession chez Pro-Arctic à <strong>Montmagny</strong>! Nous vous recevrons avec plaisir.</p>
</div>

<p>Pro-Arctic est fier de vous offrir la crème de la crème des véhicules de sport motorisé neufs! À tout moment de l&rsquo;année, parcourez la plus grande sélection de bolides et de produits mécaniques qui combleront toutes vos envies d&rsquo;aventure! Prenez d&rsquo;assaut les sentiers du Québec sur un VTT neuf Arctic Cat, Argo ou Polaris. Épatez &hellip; <a href="https://www.pro-arctic.ca/fr/vtt/">Suite</a></p>
